{"id":10316,"date":"2017-03-29T03:31:53","date_gmt":"2017-03-29T03:31:53","guid":{"rendered":"http:\/\/le-mac.com.mx\/?page_id=10316"},"modified":"2017-06-15T01:31:09","modified_gmt":"2017-06-15T01:31:09","slug":"aviso-de-privacidad","status":"publish","type":"page","link":"https:\/\/le-mac.com.mx\/index.php\/aviso-de-privacidad\/","title":{"rendered":"Aviso de Privacidad"},"content":{"rendered":"<div class=\"limit-wrapper\"><div class=\"row \"><div class=\"wpv-grid grid-1-1  wpv-first-level first unextended no-extended-padding\" style=\"padding-top:0.05px;padding-bottom:0.05px;\" id=\"wpv-column-16a595d3d6e00cb16602eda27bbf9ceb\" ><p style=\"text-align: justify;\">De acuerdo a lo previsto en la <strong>\u00abLEY FEDERAL de Protecci\u00f3n de Datos Personales\u00bb <\/strong>LEMAC CONSTRUCCIONES, S.A. DE C.V. declara ser una empresa legalmente constituida de conformidad con las leyes mexicanas, con domicilio ubicado en, FRANZ HALS NO. 120 CP. 01460 COL. ALFONSO XIII, DEL. ALVARO OBREGON, MEXICO D.F., as\u00ed como manifestar ser la responsable del tratamiento de sus datos personales.<\/p>\n<p style=\"text-align: justify;\">Oficina de privacidad ubicada en: Mismo domicilio.<\/p>\n<p style=\"text-align: justify;\">Tel\u00e9fonos de la oficina de privacidad: 1988-8136<\/p>\n<p style=\"text-align: justify;\">Correoelectr\u00f3nico: le-mac@live.com.mx .<\/p>\n<p style=\"text-align: justify;\">\n<p style=\"text-align: justify;\"><strong>DEFINICIONES:<\/strong><\/p>\n<p style=\"text-align: justify;\">\n<p style=\"text-align: justify;\"><strong>Datos personales.- <\/strong>Cualquier informaci\u00f3n concerniente a una persona f\u00edsica identificada o identificable.<\/p>\n<p style=\"text-align: justify;\">\n<p style=\"text-align: justify;\"><strong>Titular.- <\/strong>La persona f\u00edsica (<strong>TITULAR<\/strong>) a quien identifica o corresponden los datos personales.<\/p>\n<p style=\"text-align: justify;\">\n<p style=\"text-align: justify;\"><strong>Responsable.- <\/strong>Persona f\u00edsica o moral de car\u00e1cter privado que decide sobre el tratamiento de los datos personales.<\/p>\n<p style=\"text-align: justify;\">\n<p style=\"text-align: justify;\"><strong>Tratamiento.- <\/strong>La obtenci\u00f3n, uso (que incluye el acceso, manejo, aprovechamiento, transferencia o disposici\u00f3n de datos personales), divulgaci\u00f3n o almacenamiento de datos personales por cualquier medio.<\/p>\n<p style=\"text-align: justify;\">\n<p style=\"text-align: justify;\"><strong>Transferencia.- <\/strong>Toda comunicaci\u00f3n de datos realizada a persona distinta del responsable o encargado del tratamiento.<\/p>\n<p style=\"text-align: justify;\">\n<p style=\"text-align: justify;\"><strong>Derechos ARCO.- <\/strong>Derechos de acceso, rectificaci\u00f3n, cancelaci\u00f3n y oposici\u00f3n.<\/p>\n<p style=\"text-align: justify;\">\n<p style=\"text-align: justify;\"><strong>Consentimiento T\u00e1cito.- <\/strong>Se entender\u00e1 que el titular ha consentido en el tratamiento de los datos, cuando habi\u00e9ndose puesto a su disposici\u00f3n el Aviso de Privacidad, no manifieste su oposici\u00f3n.<\/p>\n<p style=\"text-align: justify;\">\n<p style=\"text-align: justify;\"><strong>FINES DE LA INFORMACI\u00d3N.- <\/strong>Sus datos personales ser\u00e1n utilizados para los siguientes fines:<\/p>\n<p style=\"text-align: justify;\">Fines laborales., Otros:<\/p>\n<p style=\"text-align: justify;\">Comerciales con clientes y proveedores<\/p>\n<p style=\"text-align: justify;\">\n<p style=\"text-align: justify;\"><strong>FORMAS DE RECABAR SUS DATOS PERSONALES.- <\/strong>Para las actividades se\u00f1aladas en el presente aviso de privacidad, podemos recabar sus datos personales de distintas formas cuando usted nos los proporciona directamente; cuando visita nuestro sitio de<\/p>\n<p style=\"text-align: justify;\">Internet o utiliza nuestros servicios en l\u00ednea, y cuando obtenemos informaci\u00f3n a trav\u00e9s de otras fuentes que est\u00e1n permitidas por la ley.<\/p>\n<p style=\"text-align: justify;\">\n<p style=\"text-align: justify;\"><strong>DATOS PERSONALES QUE SE RECABAN DE FORMA DIRECTA:<\/strong><\/p>\n<p style=\"text-align: justify;\">Recabamos sus datos personales de forma directa cuando usted mismo nos los proporciona por diversos medios.<\/p>\n<p style=\"text-align: justify;\">Tales como:<\/p>\n<p style=\"text-align: justify;\">Correo electr\u00f3nico<\/p>\n<p style=\"text-align: justify;\">Nombre completo<\/p>\n<p style=\"text-align: justify;\">Genero<\/p>\n<p style=\"text-align: justify;\">Edad<\/p>\n<p style=\"text-align: justify;\">Nacionalidad<\/p>\n<p style=\"text-align: justify;\">Estado civil<\/p>\n<p style=\"text-align: justify;\">Nombre del c\u00f3nyuge<\/p>\n<p style=\"text-align: justify;\">Tel\u00e9fono<\/p>\n<p style=\"text-align: justify;\">Tel\u00e9fono m\u00f3vil<\/p>\n<p style=\"text-align: justify;\">Domicilio<\/p>\n<p style=\"text-align: justify;\">Fecha y lugar de nacimiento<\/p>\n<p style=\"text-align: justify;\">Educaci\u00f3n<\/p>\n<p style=\"text-align: justify;\">Datos financieros<\/p>\n<p style=\"text-align: justify;\">Hijos<\/p>\n<p style=\"text-align: justify;\">RFC<\/p>\n<p style=\"text-align: justify;\">N\u00famero de seguro social<\/p>\n<p style=\"text-align: justify;\">CURP<\/p>\n<p style=\"text-align: justify;\"><strong>DATOS PERSONALES QUE RECABAMOS CUANDO VISITA NUESTRO SITIO DE INTERNET O UTILIZA NUESTROS SERVICIOS EN LINEA:<\/strong><\/p>\n<p style=\"text-align: justify;\">No recabamos sus datos personales de esta forma.<\/p>\n<p style=\"text-align: justify;\">\n<p style=\"text-align: justify;\"><strong>DATOS PERSONALES QUE RECABAMOS A TRAV\u00c9S DE OTRAS FUENTES<\/strong><\/p>\n<p style=\"text-align: justify;\"><strong>PERMITIDAS POR LA LEY:<\/strong><\/p>\n<p style=\"text-align: justify;\">No recabamos sus datos personales de esta forma.<\/p>\n<p style=\"text-align: justify;\">\n<p style=\"text-align: justify;\"><strong>USO DE DATOS SENSIBLES.- <\/strong>Se consideran datos sensibles aquellos afecten a la esfera m\u00e1s \u00edntima de su titular, o cuya utilizaci\u00f3n indebida pueda dar origen a discriminaci\u00f3n o conlleve un riesgo grave para \u00e9ste.<\/p>\n<p style=\"text-align: justify;\">En el presente aviso de privacidad se omite el uso de datos personales considerados como sensibles.<\/p>\n<p style=\"text-align: justify;\"><strong>USO DE (SSL).- <\/strong>La seguridad y la confidencialidad de los datos que los usuarios proporcionen al contratar un servicio o comprar un producto en l\u00ednea estar\u00e1n protegidos por un servidor seguro bajo el protocolo Secure Socket Layer (SSL), de tal forma que los datos enviados se transmitir\u00e1n encriptados para asegurar su resguardo.<\/p>\n<p style=\"text-align: justify;\">Para verificar que se encuentra en un entorno protegido aseg\u00farese de que aparezca una<\/p>\n<p style=\"text-align: justify;\">S en la barra de navegaci\u00f3n.<\/p>\n<p style=\"text-align: justify;\">Sin embargo y a pesar de contar cada d\u00eda con herramientas m\u00e1s seguras la protecci\u00f3n de los datos enviados a trav\u00e9s de internet no se puede garantizar al 100%, por lo que una vez recibidos se har\u00e1 todo lo posible para salvaguardar la informaci\u00f3n.<\/p>\n<p style=\"text-align: justify;\">\n<p style=\"text-align: justify;\"><strong>LIMITACI\u00d3N O DIVULGACI\u00d3N DE SUS DATOS PERSONALES.- <\/strong>El responsable de la informaci\u00f3n se compromete a realizar \u00fanicamente las siguientes acciones, respecto a su informaci\u00f3n:<\/p>\n<p style=\"text-align: justify;\">Envi\u00f3 de mensajes SMS, Realizar llamadas telef\u00f3nicas, Envi\u00f3 de correos electr\u00f3nicos,<\/p>\n<p style=\"text-align: justify;\">Otros:<\/p>\n<p style=\"text-align: justify;\">Contratos<\/p>\n<p style=\"text-align: justify;\">\n<p style=\"text-align: justify;\"><strong>PROCEDIMIENTO PARA HACER VALER LOS DERECHOS ARCO.- <\/strong>Usted tiene derecho de acceder a sus datos personales que poseemos y a los detalles del tratamiento de los mismos, as\u00ed como a rectificarlos en caso de ser inexactos o incompletos; cancelarlos cuando considere que no se requieren para alguna de las finalidades se\u00f1alados en el presente aviso de privacidad, est\u00e9n siendo utilizados para finalidades no consentidas o haya finalizado la relaci\u00f3n contractual o de servicio, o bien, oponerse al tratamiento de los mismos para fines espec\u00edficos.<\/p>\n<p style=\"text-align: justify;\">Los mecanismos que se han implementado para el ejercicio de dichos derechos, los cuales se conocen como derechos Arco mismos que se refieren a la rectificaci\u00f3n, cancelaci\u00f3n y oposici\u00f3n del Titular respecto al tratamiento de sus datos personales;<\/p>\n<p style=\"text-align: justify;\"><strong>1) <\/strong>El procedimiento inicia con la presentaci\u00f3n de la solicitud respectiva a los derechos<\/p>\n<p style=\"text-align: justify;\">Arco, en el domicilio de nuestra Oficina de Privacidad, mismo que fue debidamente se\u00f1alado al principio del presente aviso de privacidad.<\/p>\n<p style=\"text-align: justify;\"><strong>2) <\/strong>Su solicitud deber\u00e1 contener la siguiente informaci\u00f3n:<\/p>\n<p style=\"text-align: justify;\">Nombre del titular de los datos personales., Domicilio o cualquier otro medio de contacto.,<\/p>\n<p style=\"text-align: justify;\">Documentos que acrediten su personalidad e identidad., La descripci\u00f3n clara y precisa de los datos personales., Cualquier otro documento que facilite la localizaci\u00f3n de los datos.<\/p>\n<p style=\"text-align: justify;\"><strong>3) <\/strong>El plazo para atender su solicitud es el siguiente: 20 d\u00edas.<\/p>\n<p style=\"text-align: justify;\"><strong>TRANSMISION DE SUS DATOS PERSONALES.- <\/strong>Sus datos personales pueden ser transferidos y tratados dentro y fuera del pa\u00eds.<\/p>\n<p style=\"text-align: justify;\">En ese sentido, su informaci\u00f3n puede ser compartida con:<\/p>\n<p style=\"text-align: justify;\">Personas que forman parte de la misma empresa.<\/p>\n<p style=\"text-align: justify;\">Personas externas a la empresa.<\/p>\n<p style=\"text-align: justify;\"><strong>MODIFICACIONES AL AVISO DE PRIVACIDAD.- <\/strong>Nos reservamos el derecho de efectuar en cualquier momento modificaciones o actualizaciones al presente aviso de privacidad, para la atenci\u00f3n de novedades legislativas, pol\u00edticas internas o nuevos requerimientos para la prestaci\u00f3n u ofrecimiento de nuestros servicios o productos.<\/p>\n<p style=\"text-align: justify;\">Por lo que se obliga a mantener actualizado el presente aviso, para su consulta. Esto con el fin de que <strong>\u201cEL TITULAR\u201d <\/strong>se encuentre en posibilidad de ejercer sus derechos ARCO y de esta forma mantenerlo al tanto de cualquier modificaci\u00f3n mediante aviso al \u00faltimo correo electr\u00f3nico que nos haya proporcionado.<\/p>\n<p style=\"text-align: justify;\"><strong>USO DE COOKIES.- <\/strong>En el presente aviso de privacidad se omitir\u00e1 el uso de cookies, para recabar informaci\u00f3n sobres usted.<\/p>\n<p style=\"text-align: justify;\"><strong>USO DE WEB BEACONS.- <\/strong>En el presente aviso de privacidad se omitir\u00e1 el uso de web beacons, para recabar informaci\u00f3n sobres usted.<\/p>\n<p style=\"text-align: justify;\">Las partes expresan que el presente aviso, se regir\u00e1 por las disposiciones legales aplicables en el Distrito Federalen especial, por lo dispuesto en la Ley Federal de Protecci\u00f3n de Datos Personales.<\/p>\n<p style=\"text-align: justify;\">Si usted considera que su derecho de protecci\u00f3n de datos personales ha sido lesionado por alguna conducta de nuestros empleados o de nuestras actuaciones o respuestas, presume que en el tratamiento de sus datos personales existe alguna violaci\u00f3n a las disposiciones previstas en la Ley Federal de Protecci\u00f3n de Datos Personales en Posesi\u00f3n de los Particulares, podr\u00e1 interponer la queja o denuncia correspondiente ante el IFAI.<\/p>\n<p style=\"text-align: justify;\">Fecha \u00faltima actualizaci\u00f3n 21 de Mayo del a\u00f1o2013<\/div><\/div><\/div>\n","protected":false},"excerpt":{"rendered":"<p>De acuerdo a lo previsto en la \u00abLEY FEDERAL de Protecci\u00f3n de Datos Personales\u00bb LEMAC CONSTRUCCIONES, S.A. DE C.V. declara ser una empresa legalmente constituida de conformidad con las leyes mexicanas, con domicilio ubicado en, FRANZ HALS NO. 120 CP. 01460 COL. ALFONSO XIII, DEL. ALVARO OBREGON, MEXICO D.F., as\u00ed como manifestar ser la responsable&#8230;<\/p>\n","protected":false},"author":1,"featured_media":0,"parent":0,"menu_order":0,"comment_status":"closed","ping_status":"closed","template":"","meta":{"footnotes":""},"class_list":["post-10316","page","type-page","status-publish","hentry"],"_links":{"self":[{"href":"https:\/\/le-mac.com.mx\/index.php\/wp-json\/wp\/v2\/pages\/10316","targetHints":{"allow":["GET"]}}],"collection":[{"href":"https:\/\/le-mac.com.mx\/index.php\/wp-json\/wp\/v2\/pages"}],"about":[{"href":"https:\/\/le-mac.com.mx\/index.php\/wp-json\/wp\/v2\/types\/page"}],"author":[{"embeddable":true,"href":"https:\/\/le-mac.com.mx\/index.php\/wp-json\/wp\/v2\/users\/1"}],"replies":[{"embeddable":true,"href":"https:\/\/le-mac.com.mx\/index.php\/wp-json\/wp\/v2\/comments?post=10316"}],"version-history":[{"count":4,"href":"https:\/\/le-mac.com.mx\/index.php\/wp-json\/wp\/v2\/pages\/10316\/revisions"}],"predecessor-version":[{"id":10760,"href":"https:\/\/le-mac.com.mx\/index.php\/wp-json\/wp\/v2\/pages\/10316\/revisions\/10760"}],"wp:attachment":[{"href":"https:\/\/le-mac.com.mx\/index.php\/wp-json\/wp\/v2\/media?parent=10316"}],"curies":[{"name":"wp","href":"https:\/\/api.w.org\/{rel}","templated":true}]}}